1?
-6
Convert -223 (base 4) to base 3.
-1121
What is 1 (base 12) in base 7?
1
Convert -100 (base 9) to base 14.
-5b
Convert 25 (base 10) to base 14.
1b
Convert 0 (base 5) to base 13.
0
12 (base 13) to base 4
33
What is 0 (base 7) in base 13?
0
-61 (base 8) to base 11
-45
What is 2 (base 12) in base 3?
2
What is 4 (base 16) in base 11?
4
What is 5 (base 11) in base 12?
5
6c (base 13) to base 2
1011010
Convert -11 (base 7) to base 8.
-10
Convert -d (base 15) to base 9.
-14
Convert -413 (base 5) to base 8.
-154
What is b5 (base 16) in base 15?
c1
What is 21 (base 9) in base 7?
25
201 (base 3) to base 15
14
What is -11 (base 4) in base 9?
-5
Convert 1 (base 5) to base 15.
1
What is 1 (base 12) in base 16?
1
-2 (base 4) to base 5
-2
-32 (base 4) to base 14
-10
Convert 15 (base 9) to base 16.
e
-4 (base 6) to base 4
-10
Convert 14 (base 5) to base 7.
12
What is -101 (base 2) in base 14?
-5
What is -71 (base 13) in base 12?
-78
What is 10 (base 2) in base 16?
2
4 (base 15) to base 13
4
-14 (base 15) to base 11
-18
Convert 8 (base 10) to base 9.
8
Convert 1010 (base 2) to base 15.
a
Convert 0 (base 14) to base 10.
0
What is -157 (base 10) in base 4?
-2131
What is 245 (base 6) in base 2?
1100101
-6 (base 13) to base 14
-6
-8 (base 12) to base 8
-10
What is 6 (base 15) in base 16?
6
Convert -14 (base 5) to base 10.
-9
5 (base 14) to base 11
5
11 (base 8) to base 16
9
Convert -252 (base 10) to base 3.
-100100
What is 41 (base 15) in base 6?
141
-5f (base 16) to base 15
-65
Convert 3 (base 6) to base 13.
3
What is -86 (base 13) in base 14?
-7c
1101 (base 3) to base 9
41
-1010 (base 2) to base 10
-10
557 (base 8) to base 2
101101111
What is -112 (base 6) in base 13?
-35
Convert -3 (base 14) to base 4.
-3
231 (base 5) to base 16
42
202 (base 5) to base 11
48
What is -1201 (base 4) in base 14?
-6d
Convert -1 (base 4) to base 15.
-1
Convert 0 (base 11) to base 7.
0
Convert 12 (base 4) to base 13.
6
107 (base 9) to base 2
1011000
What is 68 (base 12) in base 8?
120
Convert -224 (base 5) to base 16.
-40
-12 (base 11) to base 15
-d
-4 (base 13) to base 9
-4
Convert 25 (base 15) to base 4.
203
What is 5 (base 6) in base 13?
5
Convert 186 (base 9) to base 6.
423
What is -5 (base 8) in base 10?
-5
Convert 6 (base 11) to base 10.
6
Convert 2 (base 9) to base 8.
2
48 (base 13) to base 6
140
What is 3 (base 11) in base 2?
11
What is -7d (base 16) in base 6?
-325
e (base 15) to base 5
24
3 (base 12) to base 13
3
What is 2 (base 4) in base 9?
2
-6 (base 7) to base 3
-20
Convert -1 (base 12) to base 9.
-1
Convert 0 (base 5) to base 6.
0
2 (base 5) to base 13
2
Convert -35 (base 7) to base 8.
-32
Convert 55 (base 16) to base 8.
125
-301 (base 5) to base 12
-64
-10 (base 6) to base 13
-6
Convert -7 (base 10) to base 12.
-7
4 (base 6) to base 16
4
What is -4 (base 10) in base 3?
-11
What is -44 (base 5) in base 14?
-1a
2 (base 10) to base 7
2
Convert 1 (base 6) to base 7.
1
Convert 8 (base 16) to base 12.
8
-1a (base 11) to base 6
-33
What is -22 (base 4) in base 3?
-101
What is -23 (base 4) in base 16?
-b
205 (base 6) to base 13
5c
Convert 3a (base 13) to base 16.
31
What is 61 (base 12) in base 8?
111
What is 23 (base 12) in base 9?
30
-10010 (base 2) to base 9
-20
What is -4 (base 16) in base 10?
-4
What is -43 (base 9) in base 8?
-47
Convert 44 (base 8) to base 10.
36
4 (base 7) to base 14
4
-53 (base 8) to base 3
-1121
-10 (base 9) to base 3
-100
21 (base 5) to base 10
11
Convert -63 (base 12) to base 10.
-75
What is -440 (base 8) in base 14?
-168
What is -1d (base 15) in base 8?
-34
What is 8 (base 12) in base 15?
8
What is 47 (base 8) in base 14?
2b
What is -14 (base 11) in base 5?
-30
Convert -1331 (base 4) to base 16.
-7d
Convert -10 (base 2) to base 3.
-2
What is 30 (base 11) in base 14?
25
What is 10 (base 3) in base 14?
3
What is 42 (base 8) in base 5?
114
What is 4 (base 12) in base 7?
4
231 (base 5) to base 6
150
What is 0 (base 5) in base 15?
0
What is -3 (base 7) in base 2?
-11
Convert -5 (base 13) to base 4.
-11
Convert -1 (base 5) to base 7.
-1
-2 (base 12) to base 2
-10
-531 (base 8) to base 5
-2340
What is -33 (base 10) in base 12?
-29
23 (base 16) to base 11
32
Convert 81 (base 11) to base 2.
1011001
-1201 (base 3) to base 15
-31
-4 (base 5) to base 2
-100
Convert 1222 (base 3) to base 10.
53
Convert 32 (base 4) to base 11.
13
-4 (base 16) to base 6
-4
What is 51 (base 6) in base 14?
23
Convert 0 (base 10) to base 3.
0
Convert -100 (base 3) to base 9.
-10
Convert -52 (base 10) to base 3.
-1221
Convert -26 (base 8) to base 16.
-16
-210 (base 3) to base 14
-17
0 (base 5) to base 3
0
What is -29 (base 15) in base 12?
-33
Convert -11 (base 10) to base 11.
-10
What is -324 (base 6) in base 2?
-1111100
Convert -136 (base 13) to base 8.
-326
Convert 2 (base 14) to base 7.
2
57 (base 13) to base 7
132
What is -1 (base 6) in base 4?
-1
What is -332 (base 9) in base 16?
-110
What is -20 (base 3) in base 15?
-6
Convert -3 (base 11) to base 5.
-3
-43 (base 9) to base 4
-213
Convert 1 (base 7) to base 12.
1
Convert 4 (base 16) to base 9.
4
-3 (base 8) to base 16
-3
32 (base 5) to base 10
17
Convert -2 (base 13) to base 14.
-2
What is 1 (base 13) in base 3?
1
Convert 2 (base 16) to base 6.
2
Convert 227 (base 8) to base 13.
b8
-106 (base 7) to base 2
-110111
What is -9 (base 12) in base 2?
-1001
-1 (base 8) to base 5
-1
What is 4 (base 12) in base 5?
4
Convert -1 (base 9) to base 16.
-1
What is 111010 (base 2) in base 3?
2011
What is 7 (base 9) in base 4?
13
What is 2a (base 12) in base 14?
26
Convert -25 (base 12) to base 2.
-11101
Convert -10100100 (base 2) to base 15.
-ae
-12 (base 13) to base 11
-14
What is -5 (base 14) in base 8?
-5
Convert 2 (base 6) to base 13.
2
-5 (base 15) to base 11
-5
a0 (base 11) to base 2
1101110
3 (base 6) to base 11
3
What is -15 (base 7) in base 4?
-30
Convert 2 (base 3) to base 15.
2
Convert 2 (base 3) to base 11.
2
What is 2 (base 6) in base 5?
2
4 (base 5) to base 11
4
What is 101 (base 2) in base 5?
10
Convert -1 (base 8) to base 12.
-1
Convert -10 (base 8) to base 7.
-11
What is 4 (base 6) in base 16?
4
101 (base 3) to base 14
a
2 (base 4) to base 8
2
-4 (base 6) to base 7
-4
Convert -1113 (base 4) to base 9.
-106
-10 (base 3) to base 12
-3
14b (base 14) to base 12
19b
What is 1010 (base 3) in base 16?
1e
Convert 31 (base 7) to base 15.
17
1 (base 12) to base 9
1
Convert 12 (base 5) to base 8.
7
-5 (base 14) to base 10
-5
Convert a9 (base 15) to base 16.
9f
67 (base 11) to base 15
4d
What is -41 (base 5) in base 10?
-21
10 (base 5) to base 15
5
What is 3a (base 15) in base 11?
50
Convert -16 (base 15) to base 2.
-10101
Convert -2 (base 8) to base 15.
-2
Convert -11213 (base 4) to base 9.
-438
4 (base 9) to base 15
4
Convert 6 (base 10) to base 12.
6
Convert 2311 (base 5) to base 10.
331
22 (base 4) to base 7
13
What is -3 (base 5) in base 9?
-3
3d (base 14) to base 4
313
1 (base 14) to base 3
1
Convert 24 (base 10) to base 7.
33
What is 20 (base 4) in base 13?
8
Convert -35 (base 12) to base 13.
-32
-100 (base 2) to base 3
-11
7 (base 11) to base 2
111
What is 1010 (base 4) in base 8?
104
What is -63 (base 9) in base 2?
-111001
-6 (base 16) to base 8
-6
-2 (base 3) to base 12
-2
0 (base 16) to base 14
0
What is 10 (base 2) in base 3?
2
10 (base 9) to base 2
1001
1 (base 6) to base 2
1
-100010 (base 2) to base 14
-26
What is -43 (base 7) in base 4?
-133
What is 8 (base 15) in base 5?
13
What is 44 (base 13) in base 7?
110
What is -301 (base 4) in base 2?
-110001
Convert -1 (base 14) to base 7.
-1
What is -7 (base 15) in base 5?
-12
What is -50 (base 8) in base 15?
-2a
-110 (base 3) to base 14
-c
What is 25 (base 14) in base 5?
113
-89 (base 14) to base 11
-100
Convert -3 (base 10) to base 6.
-3
Convert 1000100 (base 2) to base 6.
152
-3 (base 5) to base 10
-3
-21 (base 3) to base 6
-11
-123 (base 4) to base 16
-1b
What is 32 (base 6) in base 13?
17
What is -7 (base 9) in base 3?
-21
What is 2a (base 14) in base 5?
123
0 (base 2) to base 16
0
Convert -97 (base 10) to base 13.
-76
What is -1 (base 14) in base 6?
-1
What is 45 (base 6) in base 4?
131
What is 0 (base 14) in base 7?
0
What is 2 (base 15) in base 13?
2
What is 5 (base 6) in base 15?
5
What is -1 (base 15) in base 8?
-1
Convert -3 (base 12) to base 13.
-3
-341 (bas